

{"id":103,"date":"2024-09-05T11:49:19","date_gmt":"2024-09-05T11:49:19","guid":{"rendered":"https:\/\/nordiccosmetic.de\/?post_type=product&#038;p=103"},"modified":"2025-11-01T00:07:39","modified_gmt":"2025-11-01T00:07:39","slug":"anti-aging","status":"publish","type":"product","link":"https:\/\/nordiccosmetic.de\/?product=anti-aging","title":{"rendered":"Vegane Anti Aging Creme mit Retinol 45ml"},"content":{"rendered":"<p>Erhalten Sie eine j\u00fcnger aussehende Haut mit unserer revolution\u00e4ren Anti-Aging-Creme! Mit einer speziellen Mischung aus nat\u00fcrlichen Inhaltsstoffen hilft diese Creme, die Zeichen der Hautalterung zu reduzieren und ein jugendlicheres Aussehen zu f\u00f6rdern. Die aktive Komponente interagiert mit dem k\u00f6rpereigenen System, das dazu beitragen kann, Entz\u00fcndungen zu reduzieren und die Zellregeneration zu f\u00f6rdern. Dieses innovative Produkt wurde entwickelt, um das volle Potenzial Ihrer Haut freizusetzen und sie zum Bl\u00fchen zu bringen. Fangen Sie noch heute an, j\u00fcnger auszusehen und sich j\u00fcnger zu f\u00fchlen!<\/p>\n<p>Vegane und tierversuchsfreie Anti-Aging Creme mit veganem Retinol &#8211; auch Vitamin A genannt &#8211; f\u00fcr feste und pralle Haut. Die Brave Anti-Aging Creme regeneriert und beruhigt die sensible Gesichtshaut und reduziert die Einzelfaltentiefe um 31% in nur 4 Wochen. Die retinolreiche Gesichtscreme regt die Kollagenproduktion in den tieferen Hautschichten an und hilft der Haut dabei nach nur ein paar Tagen Anwendung sichtbar praller und frischer auszusehen. Die Formulierung ist sehr leicht und zieht schnell in die Haut ein und sch\u00fctzt die Haut vor sch\u00e4dlichen Umwelteinfl\u00fcssen und reduziert sichtbare Zeichen der vorzeitigen Hautalterung und durch Sonnenlicht verursachte Pigmentflecken.<\/p>\n<p>&nbsp;<\/p>\n","protected":false},"excerpt":{"rendered":"<ul>\n<li>Wenn Du feinen Linien und Falten zuvorkommen oder diese reduzieren willst<\/li>\n<li>F\u00fcr frische, straffe und pralle Haut<\/li>\n<li>Ein Tanz durch die Zeit und das Leben<\/li>\n<\/ul>\n","protected":false},"featured_media":95,"comment_status":"open","ping_status":"closed","template":"","meta":[],"product_cat":[15],"product_tag":[],"class_list":{"0":"post-103","1":"product","2":"type-product","3":"status-publish","4":"has-post-thumbnail","6":"product_cat-uncategorized","8":"first","9":"instock","10":"shipping-taxable","11":"purchasable","12":"product-type-simple"},"_links":{"self":[{"href":"https:\/\/nordiccosmetic.de\/index.php?rest_route=\/wp\/v2\/product\/103","targetHints":{"allow":["GET"]}}],"collection":[{"href":"https:\/\/nordiccosmetic.de\/index.php?rest_route=\/wp\/v2\/product"}],"about":[{"href":"https:\/\/nordiccosmetic.de\/index.php?rest_route=\/wp\/v2\/types\/product"}],"replies":[{"embeddable":true,"href":"https:\/\/nordiccosmetic.de\/index.php?rest_route=%2Fwp%2Fv2%2Fcomments&post=103"}],"wp:featuredmedia":[{"embeddable":true,"href":"https:\/\/nordiccosmetic.de\/index.php?rest_route=\/wp\/v2\/media\/95"}],"wp:attachment":[{"href":"https:\/\/nordiccosmetic.de\/index.php?rest_route=%2Fwp%2Fv2%2Fmedia&parent=103"}],"wp:term":[{"taxonomy":"product_cat","embeddable":true,"href":"https:\/\/nordiccosmetic.de\/index.php?rest_route=%2Fwp%2Fv2%2Fproduct_cat&post=103"},{"taxonomy":"product_tag","embeddable":true,"href":"https:\/\/nordiccosmetic.de\/index.php?rest_route=%2Fwp%2Fv2%2Fproduct_tag&post=103"}],"curies":[{"name":"wp","href":"https:\/\/api.w.org\/{rel}","templated":true}]}}